{"id":19,"date":"2014-02-05T20:27:54","date_gmt":"2014-02-05T19:27:54","guid":{"rendered":"https:\/\/beta.pnsteinundrestaurierung.de\/?page_id=19"},"modified":"2017-08-08T12:15:14","modified_gmt":"2017-08-08T11:15:14","slug":"unternehmen-2","status":"publish","type":"page","link":"https:\/\/pnsteinundrestaurierung.de\/","title":{"rendered":"Unternehmen"},"content":{"rendered":"<p>PN STEIN UND RESTAURIERUNG GmbH<\/p>\n<p align=\"justify\">Das Unternehmen PN Stein und Restaurierung GmbH wurde 2010 vom Dipl. Ing. und\u00a0Restaurator, Piotr Niessner, in Leipzig gegr\u00fcndet. Die Basis bildet seine langj\u00e4hrige\u00a0Erfahrung im traditionsreichen Unternehmen seiner Familie in Krakow und die 17 j\u00e4hrige\u00a0T\u00e4tigkeit seiner Unternehmung am deutschen Markt.<\/p>\n<p align=\"justify\">Das Kerngesch\u00e4ft ist der Naturstein. Die Mitarbeiter haben reiche Erfahrung in der\u00a0Herstellung und Montage von vorgeh\u00e4ngten Platten, Bodenbel\u00e4gen, Vormauerschalen und\u00a0massiven Natursteinteilen. Das gilt f\u00fcr neu zu fertigen Elemente wie f\u00fcr historisch wertvolle.<\/p>\n<p align=\"justify\">Mit qualifiziertem ingenieurtechnischem Personal hat die Firma besondere St\u00e4rken bei der\u00a0Komplettl\u00f6sung individueller Gestaltungen an Alt- und Neubauten. So tragen inzwischen\u00a0viele moderne Architektenh\u00e4user mit aufwendigen Gestaltungen sowie bedeutende Denkmale\u00a0die Handschrift der PN Stein &amp; Restaurierung GmbH.<\/p>\n<p align=\"justify\">In der PN Stein und Restaurierung GmbH verschmelzen handwerkliche Tradition\u00a0mit modernen Produktionsmethoden und qualitative Hochwertigkeit mit praktischer\u00a0Flexibilit\u00e4t. Mit hoch qualifizierten Mitarbeitern sichert die Unternehmung eine optimale\u00a0Kundenberatung und stellt alle Leistungen auf eine wissenschaftliche Basis.<\/p>\n<p align=\"justify\">Die historische Bausubstanz in ganz Europa ist Zeugnis einer sehr reichen kulturellen und\u00a0technischen Entwicklung. Daher ist es ein sehr pers\u00f6nliches Anliegen der Firma diese\u00a0Zeugnisse zu bewahren und den Handwerkern eine Ehre daran mitwirken zu k\u00f6nnen.<\/p>\n<p align=\"justify\">Mit dieser Leidenschaft gew\u00e4hrleisten wir, dass historische Bauten und Denkmale mit<\/p>\n<p>h\u00f6chstem Respekt und fachlich kompetent behandelt werden, so dass die gesch\u00e4digte\u00a0Substanz erhalten, erg\u00e4nzt, konserviert und so f\u00fcr sp\u00e4tere Generationen bewahrt wird.<\/p>\n<p align=\"justify\">Im Ergebnis entstanden hervorragende Referenzen an vielen sehr hochwertigen und\u00a0bedeutenden Baudenkmalen oder gestalterisch hochwertigen Neubauten.<\/p>\n<p align=\"justify\">Auf Basis unserer ingenieurtechnischen M\u00f6glichkeiten bieten wir unseren Kunden eine fachkompetente Beratung. Das Angebotsspektrum reicht von der Schadenanalyse, \u00fcber die\u00a0Fachplanung, einer qualifizierten Dokumentation bis zu einer hochwertigen Ausf\u00fchrung.<\/p>\n<p align=\"justify\">Dabei arbeiten wir mit renommierten Partnern und f\u00fchrenden Herstellern zusammen.<\/p>\n<p><strong>Unser Leistungsprofil:<\/strong><\/p>\n<p><span style=\"text-decoration: underline;\">Ingenieurtechnische Leistungen:<\/span><\/p>\n<ul>\n<li>\n<p align=\"justify\">Werkplanung f\u00fcr die Herstellung und Montage von Natursteinteilen und Platten.<\/p>\n<\/li>\n<li>\n<p align=\"justify\">Erstellen von Schadenkartierungen mit qualitativer und quantitativer Erfassung der Sch\u00e4den<\/p>\n<\/li>\n<li>\n<p align=\"justify\">Erarbeitung von Sanierungskonzepten und detaillierten Leistungsbeschreibungen<\/p>\n<\/li>\n<li>\n<p align=\"justify\">Erstellen von Dokumentationen aller Leistungsphasen mit qualitativer und quantitativer\u00a0Nachweisf\u00fchrung. So wird Preis und Leistung optimal transparent f\u00fcr unsere Auftraggeber.<\/p>\n<\/li>\n<\/ul>\n<p>&nbsp;<\/p>\n<p><span style=\"text-decoration: underline;\">Ausf\u00fchrungsleistungen:<\/span><\/p>\n<ul>\n<li>\n<p align=\"justify\">Gestaltung und Werkplanung sowie Herstellung neuer Natursteinteile vom einfachen Boden- oder Treppenbelag bis hin zur Bildhauerarbeit.<\/p>\n<\/li>\n<li>\n<p align=\"justify\">Substanzschonende Spezialreinigung f\u00fcr Naturstein und andere wertvolle Materialien.<\/p>\n<\/li>\n<li>\n<p align=\"justify\">Konservierung und Restaurierung gesch\u00e4digter Substanz \/ Naturstein \/ Backstein \/\u00a0Kunststein<\/p>\n<\/li>\n<li>\n<p align=\"justify\">Anfertigung und Montage neuer Natursteinteile nach originalen Befundst\u00fccken.<\/p>\n<\/li>\n<li>\n<p align=\"justify\">Abformungen unikater Elementen und Herstellung von Repliken aus dem originalen\u00a0Material oder modernen Ersatzmaterialien.<\/p>\n<\/li>\n<li>\n<p align=\"justify\">Demontagen und Montagen historischer Bauteile im Kontext des Denkmals.<\/p>\n<\/li>\n<li>\n<p align=\"justify\"><span style=\"line-height: 1.5;\">Eine professionelle maschinelle Ausstattung erm\u00f6glicht auf den Baustellen und in der\u00a0<\/span><span style=\"line-height: 1.5;\">Werkstatt eine effiziente und sichere Bearbeitung von Naturstein. <\/span><\/p>\n<\/li>\n<li>\n<p align=\"justify\"><span style=\"line-height: 1.5;\">Eine eigene Br\u00fcckens\u00e4ge\u00a0<\/span><span style=\"line-height: 1.5;\">erm\u00f6glicht die Herstellung, Profilierung und Umarbeitung von gr\u00f6\u00dferen Natursteinteilen.<\/span><\/p>\n<\/li>\n<\/ul>\n","protected":false},"excerpt":{"rendered":"<p>PN STEIN UND RESTAURIERUNG GmbH Das Unternehmen PN Stein und Restaurierung GmbH wurde 2010 vom Dipl. Ing. und\u00a0Restaurator, Piotr Niessner, in Leipzig gegr\u00fcndet. Die Basis bildet seine langj\u00e4hrige\u00a0Erfahrung im traditionsreichen Unternehmen seiner Familie in Krakow und die 17 j\u00e4hrige\u00a0T\u00e4tigkeit seiner Unternehmung am deutschen Markt. Das Kerngesch\u00e4ft ist der Naturstein. Die Mitarbeiter haben reiche Erfahrung in der\u00a0Herstellung und Montage von vorgeh\u00e4ngten Platten, Bodenbel\u00e4gen, Vormauerschalen und\u00a0massiven Natursteinteilen. Das gilt f\u00fcr neu zu fertigen Elemente wie f\u00fcr historisch wertvolle. Mit qualifiziertem ingenieurtechnischem Personal hat die Firma besondere St\u00e4rken bei der\u00a0Komplettl\u00f6sung individueller Gestaltungen an Alt- und Neubauten. So tragen inzwischen\u00a0viele moderne Architektenh\u00e4user mit aufwendigen Gestaltungen sowie bedeutende Denkmale\u00a0die Handschrift der PN Stein &amp; Restaurierung &hellip; <a href=\"https:\/\/pnsteinundrestaurierung.de\/\" class=\"more-link\"><span class=\"screen-reader-text\">Unternehmen<\/span> weiterlesen <span class=\"meta-nav\">&rarr;<\/span><\/a><\/p>\n","protected":false},"author":1,"featured_media":0,"parent":0,"menu_order":1,"comment_status":"closed","ping_status":"closed","template":"","meta":{"ngg_post_thumbnail":0,"footnotes":""},"class_list":["post-19","page","type-page","status-publish","hentry"],"_links":{"self":[{"href":"https:\/\/pnsteinundrestaurierung.de\/index.php?rest_route=\/wp\/v2\/pages\/19","targetHints":{"allow":["GET"]}}],"collection":[{"href":"https:\/\/pnsteinundrestaurierung.de\/index.php?rest_route=\/wp\/v2\/pages"}],"about":[{"href":"https:\/\/pnsteinundrestaurierung.de\/index.php?rest_route=\/wp\/v2\/types\/page"}],"author":[{"embeddable":true,"href":"https:\/\/pnsteinundrestaurierung.de\/index.php?rest_route=\/wp\/v2\/users\/1"}],"replies":[{"embeddable":true,"href":"https:\/\/pnsteinundrestaurierung.de\/index.php?rest_route=%2Fwp%2Fv2%2Fcomments&post=19"}],"version-history":[{"count":13,"href":"https:\/\/pnsteinundrestaurierung.de\/index.php?rest_route=\/wp\/v2\/pages\/19\/revisions"}],"predecessor-version":[{"id":97,"href":"https:\/\/pnsteinundrestaurierung.de\/index.php?rest_route=\/wp\/v2\/pages\/19\/revisions\/97"}],"wp:attachment":[{"href":"https:\/\/pnsteinundrestaurierung.de\/index.php?rest_route=%2Fwp%2Fv2%2Fmedia&parent=19"}],"curies":[{"name":"wp","href":"https:\/\/api.w.org\/{rel}","templated":true}]}}